 2. What is p(r)?
8
Suppose 2*g = -2*g + 12. Let f(z) = -1 - 10*z + 2*z**g + 4*z**2 + 15*z - 6*z. Calculate f(-3).
-16
Let q(p) = -7*p + 4*p + 3 + 2. Give q(-4).
17
Let b(p) = p**3 - 3*p**2 - 2*p - 2. Let k be b(4). Let h(s) = -s**2 - 4*s**2 - 4*s + 6*s**2 - 8. Let q be h(k). Let x(l) = -l**3 + 5*l**2 - 5*l + 5. Give x(q).
1
Let k(x) = -x**3 - 9*x**2 - 8*x. Let w be k(-8). Let m(z) be the second derivative of w - 1/4*z**4 - 5/2*z**2 - 2*z - 1/20*z**5 + 1/3*z**3. Give m(-4).
3
Let m(r) = -7*r. Let i be m(1). Let o(h) = 16*h - 13. Let b(t) = -5*t + 4. Let q(a) = i*b(a) - 2*o(a). Let x = -62 - -64. What is q(x)?
4
Suppose o - 4 = -2. Let f(a) = -3 + 7*a + a**2 + 0*a**2 + 3*a**o - 3*a**2. Give f(-6).
-9
Let l(w) = -1. Let d(o) = -o**3 - o**2 - o. Let r(p) = -d(p) + l(p). Let g(u) = 2*u**3 + 8*u**2 + 4*u. Let v(c) = g(c) - 3*r(c). Calculate v(5).
8
Let x(g) = g**2 - 3*g - 4. Suppose -2*n + 10 = -4*w, -3*n = w - 5*w - 13. Suppose n*f - 7 - 8 = 0. Give x(f).
6
Let h(c) = 7*c**3 + 16*c**2 + 19*c + 21. Let k(g) = -3*g**3 - 8*g**2 - 9*g - 10. Let b(f) = -2*h(f) - 5*k(f). Give b(-7).
8
Let l(o) be the first derivative of 1 - o - 1/3*o**3 - o**2. Let f = -2 - 2. Give l(f).
-9
Let l(a) = -3*a**2 - 9*a - 5. Let i(x) = -x**2 - x + 1. Let q(h) = -2*i(h) + l(h). What is q(-6)?
-1
Let i(a) = -a**3 + 4*a**2 - 5*a + 5. Let s(z) = z - 1. Let h(w) = i(w) + 4*s(w). Let n = 13 - 9. Determine h(n).
-3
Let n(i) = -i**3 - 2*i**2 - 1. Let v be n(-2). Let p(k) = 8*k - 10*k + k**2 + 3*k + 3*k**3 + 1. Give p(v).
-2
Suppose -6*z + 2*z = 4*s - 68, -2*z + 10 = 0. Suppose 5*u = -2*o - s, -3*o + 1 = -2*u - 0*u. Let p(f) = -4*f - 2. What is p(u)?
6
Let h(x) = -3*x + 3. Let d be h(2). Let k = d - 2. Let r(m) = -13*m**2 - 28*m - 11. Let j(y) = 3*y**2 + 7*y + 3. Let i(z) = 9*j(z) + 2*r(z). What is i(k)?
-5
Let m(a) = 4*a**2 + a**2 + a**3 - 10*a**2 - 2*a + 7. Determine m(5).
-3
Let j be 0 - (0 - 3)*1. Suppose -2*h - 2*g = -5*h - 6, -j*g = -9. Let z(x) = x**3 + x - 3. Calculate z(h).
-3
Let q(o) = -o**2 - 1 + o + o - 2*o. Let j = 4 + -2. Calculate q(j).
-5
Let r be -1*6*(-3)/(-6). Let k(h) = -h - 3. Calculate k(r).
0
Suppose -2*y - 12 = 3*t, -4*t - 6*y = -3*y + 17. Let w(q) = -q - 6. Let i(j) = j + 1. Let m(d) = 4*i(d) + w(d). Give m(t).
-8
Let p be 8/(-10)*(0 + 5). Let j(y) be the first derivative of -3*y**2/2 - 6*y - 3. Calculate j(p).
6
Suppose 3*m = 3*r - 4*r - 13, 20 = -4*m. Let z(v) = -65*v**2 + 71*v**2 + r - 1. Give z(1).
7
Let s(f) = f**3 + 6*f**2 - 2*f - 7. Let c(z) = z - 11. Let n be c(14). Suppose 28 = -5*l - w, -n*l + 3*w + 7 = 31. What is s(l)?
5
Suppose 2 = 2*t - 4. Suppose 3*a - 23 = -2*h, -4*h = t*a - 8*a + 9. Let g(v) be the first derivative of -v**2/2 - 3. Determine g(h).
-4
Let t(o) = -o**3 - 2*o**2 + 4*o + 2. Let j be 0 - 2 - 1 - -11. Let f be (j/6)/(-4)*9. Determine t(f).
-1
Let k be (-2 + -3)*(-1 - -2). Let z = k + 9. Let c(d) be the second derivative of d**4/12 - 5*d**3/6 + 4*d. Determine c(z).
-4
Let h(v) = v + v**3 + 1 + v**2 - 3*v + v**2. Let f be 2/8 - 48/(-64). Give h(f).
2
Let q be 30/2 + 1 + 0. Let r = -16 - -18. Suppose -b + 5*h = 7, 4*h = -2*b + q - r. Let t(m) = -2*m + 2. Determine t(b).
-4
Let q(x) be the first derivative of x**7/210 + x**6/360 - x**4/24 + x**3/3 - 5. Let y(o) be the third derivative of q(o). What is y(-1)?
-4
Let a = 21 + -13. Let m(s) = s + 0*s**2 - s + 4 + s**2 + a*s. Give m(-6).
-8
Let s = -11 - -15. Let m(q) = s + 3*q - 5*q + 0 - 2. Give m(4).
-6
Let b(t) be the third derivative of 0 + 6*t**2 - 1/2*t**3 + 0*t - 1/24*t**4. Give b(-5).
2
Let b(o) = o**3 + 6*o**2 - 9*o - 9. Let q be -3 - (-1 - (-2 + -3)). What is b(q)?
5
Let l(h) be the first derivative of 2/3*h**3 - 3/2*h**2 + 7 - h. Determine l(3).
8
Let y(u) be the third derivative of u**8/20160 - u**7/5040 - u**6/80 - u**5/30 + u**2. Let c(m) be the third derivative of y(m). Calculate c(0).
-9
Let h(x) = -x - 2. Suppose -50 = -7*j + 2*j. Suppose -v + j = -2*y, -3*y - y = 3*v. Let o = v - -1. What is h(o)?
-7
Let b(w) = w - 4. Let d be (-4)/12 + (-50)/(-6). Determine b(d).
4
Let f(b) = 11*b + b**2 - 5 + 3 + 3 - 14*b. Give f(3).
1
Let o(i) = 2*i - 3. Let k be (-65)/9 - 3*(-6)/81. Determine o(k).
-17
Let w(x) = -x**3 - 8*x**2 + 9*x - 5. Let z be (-6)/10 + 294/(-35). Let b be w(z). Let g(c) = -c**3 - 4*c**2 + 4*c - 1. Calculate g(b).
4
Let b(a) = 0*a**2 - 3*a - 2 - 5*a**2 + 4*a**2. Let n(l) = -2*l**3 - l**2 - l. Let i be n(-1). Let x = -5 + i. Give b(x).
-2
Suppose 3*v - 4 = 5*v, 0 = -4*b + 5*v + 54. Let j(d) = d**3 - 12*d**2 + 9*d + 10. Give j(b).
-12
Let g be 24/9 + 4/12. Let p(r) = g*r + 0 + 3 - 2. Suppose 3 = -h - 2*h. Determine p(h).
-2
Let s(k) = -3*k**2 - k - 2*k + 2*k - 3*k - 2. What is s(-2)?
-6
Let m(w) = -w**3 - 6*w**2 + 2*w + 5. Suppose g - 4 = -3*z, -3*g = -g + 2*z - 8. Let a be -2 + (1 - 1) - g. Give m(a).
-7
Let r(u) = -4*u**2 - 3*u + 3. Let m(o) = -3*o**2 - 3*o + 2. Let v(w) = 2*w**3 - w**2 + 2*w - 1. Let l be v(1). Let a(x) = l*r(x) - 3*m(x). Calculate a(-3).
0
Let g(r) be the third derivative of r**6/120 - r**5/12 + r**4/4 - r**3/2 + 14*r**2. Calculate g(4).
5
Let f(p) = -p**2 + 7*p. Let k be (26/(-8))/((-6)/(-24)). Let a = -8 - k. What is f(a)?
10
Let v(z) = -z - 7. Suppose -2*o = 3 + 7. Give v(o).
-2
Let u(v) = -7*v + 4. Let s(h) = 7*h - 3. Let a(z) = -3*s(z) - 2*u(z). Give a(1).
-6
Suppose y = -k + 3, -6*y - 5*k = -2*y - 13. Suppose -g - 3 = -y. Let t(w) = -6*w. Calculate t(g).
6
Let f(g) be the second derivative of g**5/20 - g**4/12 - g**3/3 + 3*g**2/2 + 3*g. Give f(2).
3
Let n be (-5)/(-2)*(-6)/(-3). Suppose 3*m - n*f = 2*m - 26, 0 = -2*m - 2*f + 8. Let r(x) = 6*x**3 - x. What is r(m)?
-5
Let f = -3 - -7. Let s(p) = 1 + f*p + 2 - 1 - 2*p. Give s(-2).
-2
Let z = 5 + -3. Suppose -z*c = -4*k + 14, 3*k - 1 = -4*c + 4. Let o be (-7)/4 - k/12. Let p(l) = -2*l**2 - 3*l. Give p(o).
-2
Let w = 13 - 8. Suppose 3*j - 10 = w*j. Let y(c) = -c**2 - 6*c - 7. Calculate y(j).
-2
Suppose d - 3 = -o - 10, -d = -4*o - 18. Let i be -4 - d/(-4)*-2. Let q(l) = l**3 + 2*l**2 - 2*l + 3. Determine q(i).
0
Suppose 5*m + 5*l = 0, 0 = 4*m + 5*l - 3*l - 8. Let x = -5 + m. Let n(u) = -5*u**3 - u**2 - u. Give n(x).
5
Suppose 2*l + 4 = 4*s, l + 17 = -3*l - s. Suppose 3*o = -o + 8. Let y(t) = -t**2 - 7*t - t**o - 5 + t**2 - t**2. What is y(l)?
-9
Let n(h) be the third derivative of 7*h**5/60 - h**3/6 - h**2. Let q(t) = -t**3 + 1. Suppose 0 = 3*r - k - 4, -r = 4*r - 3*k - 12. Let l be q(r). What is n(l)?
6
Let m(p) = 7*p - 8. Let w(v) = -6*v + 8. Let a(c) = -5*m(c) - 6*w(c). Calculate a(7).
-1
Suppose 4*y - 27 = -5*k, 4*k - 9 = 2*y - y. Let x(p) = p - 3*p**2 - p + p + p**y. Suppose 2*a - 3 = -a. What is x(a)?
-1
Let r(y) = 0 - 1 - 1 + 6*y - y**2 + 1. Calculate r(4).
7
Let k(x) = -3*x + 7 - 10 - 3*x. What is k(-2)?
9
Suppose -5*l = 3 - 18. Let x(j) be the first derivative of j**5/60 + 5*j**3/3 + 1. Let w(g) be the third derivative of x(g). Give w(l).
6
Let n(a) = -a**3 + a**2 - a. Let d(j) be the third derivative of -j**5/60 + 11*j**4/24 + 7*j**3/3 - 3*j**2. Let p be d(12). Determine n(p).
-6
Let w(l) = 1. Let c(o) = o**2 + 3*o - 6. Let h(d) = c(d) + 3*w(d). What is h(2)?
7
Let o(h) = h**2 + 4*h - 5. Let w(z) = -z**3 - z**2 - z - 4. Let i be w(0). What is o(i)?
-5
Let v(y) = 2*y + 1. Let b be v(-5). Let t = b + 11. Let u(o) be the third derivative of o**6/120 + o**4/12 - o**3/2 + o**2. Determine u(t).
9
Let x(b) = -b**2 + b - 1. Let s = -30 - -32. Give x(s).
-3
Let a(g) = -g**3 + 7*g**2 - 5*g - 8. Suppose 0 = 2*c + 1 - 13. What is a(c)?
-2
Suppose -5*q - 26 = -v, -22 = -6*v + 3*v + q. Let a(w) = w**2 - 5*w - 5. What is a(v)?
1
Let f(i) = 2*i**3 + 4*i**2 + 4*i + 3. Let n be ((-2)/(-4))/((-3)/(-6)). Suppose j + 1 = -n. What is f(j)?
-5
Suppose -10 = -x + 4*m, 4 = m - 3*m. Let c(n) = 0*n + n**3 - n**2 + 3*n - 1 + 2*n**2 - 4*n**2. Determine c(x).
1
Let d = -1 - -7. Let p(b) = -b**2 + 9*b - 7. Give p(d).
11
Let u(r) = 6*r - 3. Let b(o) = o - 3. Let i be b(7). Suppose v + 20 = -3*v + 4*k, v - 4*k = i. Let s be (3/(-2))/(6/v). Give u(s).
9
Let q(k) = k**2 + k - 2. Let t(r) = -1. Let h(c) = -q(c) - 3*t(c). Calculate h(0).
5
Let u(b) = -2*b + 1. Let c = -10 + 9. Let d = c - -2. What is u(d)?
-1
Let a(o) = o - 4. Let p be ((-4)/4 - 0)*0. What is a(p)?
-4
Let b(k) = -k**3 + 7*k**2 - 2*k + 14. Let q(s)